on divisor of 2 and x?
2
Let s(i) = -33*i. Let h(l) = -l**2 - 7*l + 4. Let j be h(-8). Let n be s(j). Calculate the greatest common divisor of 12 and n.
12
Suppose 2*a - 45 = -4*l + 3*l, -a + 25 = 3*l. What is the greatest common factor of a and 154?
22
Suppose 2*k = 50 - 4. Let l(v) = 160*v**2 + 2*v - 1. Let o be l(1). What is the highest common factor of o and k?
23
Let s(f) = -2*f + 2. Let b be s(3). Let p = -1 - b. Suppose -g = -3*w - 4*g + 66, -2*w - p*g = -40. Calculate the highest common divisor of 65 and w.
13
Let d be (-10)/4*(-24)/20. Let k be (117/d)/(-1)*-3. What is the highest common factor of k and 13?
13
Let m(x) = -4*x - 47. Let l be m(-19). What is the greatest common divisor of 1 and l?
1
Let j = -99 + 180. Suppose 2*y - j - 71 = 0. What is the highest common factor of y and 19?
19
Suppose w - 7 = 12. Suppose -5 = s - w. Calculate the greatest common factor of s and 14.
14
Let q be ((-9)/12 + 0)*-8. Let r be ((-10)/q)/((-2)/12). Calculate the greatest common factor of r and 30.
10
Suppose 0*w + 5*w + 4*r - 88 = 0, 5*w - 72 = 4*r. What is the highest common factor of w and 64?
16
Let n = 105 - 89. What is the highest common factor of 208 and n?
16
Let b = 32 + -16. Calculate the greatest common divisor of b and 16.
16
Let t = 8 - 0. Suppose -m - 3*m = -12. Suppose m*g - 60 = g + 5*z, 20 = 5*z. What is the highest common divisor of g and t?
8
Suppose -2*c + 4 = -3*s + 2, -3*s - 10 = -4*c. Let j be s + 1*(-2 - -3). What is the greatest common factor of j and 30?
3
Let c(y) = 12*y**2. Let w = -8 + 6. Let p be 1 + (-1 - w) + -1. Let a be c(p). Calculate the greatest common divisor of 30 and a.
6
Suppose 45 + 18 = 3*u. Calculate the highest common factor of u and 231.
21
Suppose -4*j + 4*z = -36, 0*z + z = -3. Let i be (-15 - 6)*(-20)/j. Calculate the highest common factor of 14 and i.
14
Let j(g) = g + 7. Let s be j(-5). Let q be 17 + (7 - s) + -3. Suppose -q = -0*p - p + k, -5*k - 5 = 0. What is the highest common factor of p and 12?
6
Suppose 4*c + 125 = 5*w, 2*w = 4*w + 5*c - 17. What is the greatest common factor of w and 14?
7
Suppose -b = b - 30. Suppose -f - 11 = -d + 3*f, 0 = d + 2*f + 1. What is the greatest common factor of b and d?
3
Suppose 0*k + k = 7. What is the highest common divisor of k and 14?
7
Let v = 2 - -4. Suppose v*y + 36 = 8*y. What is the greatest common divisor of 198 and y?
18
Let b(u) = -u**2 - 4*u - 1. Let m be b(-3). Let l be 4 - 2 - 2/m. Let x = -12 + 20. Calculate the highest common divisor of x and l.
1
Let w(i) = -i**3 + 3*i**2 + 4*i + 3. Let x be w(4). Let z = -1 + x. Let g(r) = r**2 + 10*r - 9. Let t be g(-11). Calculate the highest common factor of t and z.
2
Let v(l) = 69*l - 7. Let w be v(1). What is the greatest common divisor of 155 and w?
31
Let g(c) = c**2 - 6*c + 2. Let y be g(6). Suppose y*h + 116 = a, 2*a + 3*h - 2*h = 217. What is the highest common factor of a and 10?
10
Suppose 5*p = -25, 2*p = -6*b + 2*b + 6. Suppose -4*k + 28 = b*s, 4*s + k = -0*k + 31. Calculate the greatest common factor of s and 72.
8
Suppose -2*d = d - 3*l - 6, -3*d + 10 = l. Let a(y) = -y**2 + 3*y + 2. Let u be a(d). Let q be 2 - 4*(u - 4). What is the greatest common factor of 15 and q?
5
Suppose -5*h + 5*y + 3180 = 0, -3*y = h - 5*h + 2546. What is the greatest common factor of h and 58?
58
Let r(a) = 13*a**3 - a**2 + a - 1. Suppose 4*c + 15 = -v, 2*v - c = 1 + 5. Let g be r(v). Calculate the greatest common divisor of g and 18.
6
Let z = -23 + 36. Suppose 4*j + j - 20 = 0. Suppose -6 = 3*s - 21, 0 = j*b - 2*s - 354. What is the highest common divisor of b and z?
13
Let f(w) = -w**2 + 8*w + 22. Let h be f(9). What is the greatest common divisor of 117 and h?
13
Let j(a) = 2*a - 5. Let v be j(7). Let r = -128 - -81. Let p be (-2 + 1)*r + -2. Calculate the highest common factor of p and v.
9
Let q = -28 - -50. Calculate the greatest common divisor of 88 and q.
22
Let u(v) = -v**2 - 24*v - 12. Let m be u(-10). Suppose 0 = -5*w + 7 + m. Calculate the greatest common divisor of 216 and w.
27
Let u be 90/2 + 3/3. Let b = -19 + u. Let c be 4/(b/12 + -2). Calculate the greatest common divisor of 24 and c.
8
Let o be (-50)/(-6) - (-6)/(-18). Calculate the highest common factor of 20 and o.
4
Suppose -27 + 1 = -2*o. Suppose -858 = -8*y - 3*y. Calculate the highest common factor of y and o.
13
Let o = -35 - 1. Let k = o - -55. Calculate the greatest common divisor of 76 and k.
19
Suppose -8 = 3*o + o - 4*c, 0 = -5*c + 25. Suppose 3*j + 59 = -5*g, 0 = -2*j + 5*g + o - 9. Let b = j - -21. Calculate the greatest common factor of 56 and b.
8
Let o = -54 - -69. What is the highest common factor of o and 45?
15
Suppose -366 = -4*r - 6. What is the greatest common divisor of r and 10?
10
Let f = 22 + -20. Suppose -f*p + 45 = 2*u + p, -5*p + 5 = u. What is the greatest common factor of u and 6?
6
Suppose 5*o - 68 = 8*p - 4*p, -2*o + 2*p + 28 = 0. Let l = 45 + 39. Calculate the greatest common factor of l and o.
12
Let m be (-1)/(-4) - (-54)/8. Let o(i) = i**2 - 3*i - 3. Let j be o(-2). Calculate the highest common divisor of j and m.
7
Suppose -n + 2*r - 2 = -6, -n - 3*r = 6. Suppose 2*s - 6*s + 160 = n. Calculate the greatest common factor of 10 and s.
10
Let l be -3*((-160)/(-12))/(-4). Calculate the highest common factor of 50 and l.
10
Let d be (-3)/(3 - 36/8). Let p be (-11)/33 - (-26)/6. Calculate the greatest common factor of p and d.
2
Let o = 5 - 3. Let f(p) = 2*p - 2. Let b be f(o). Suppose 2 = -b*r + 14. Calculate the highest common divisor of r and 30.
6
Suppose 0 = 2*t + 7 - 25. Suppose 9 = 2*y + 2*y - 3*i, -y - t = -3*i. Calculate the highest common divisor of 18 and y.
6
Let r = 22 + -22. Suppose 7*t - 4*t - 135 = 0. Suppose 4*k - k - t = r. Calculate the highest common factor of k and 75.
15
Let c(w) = 4*w**2 - 6. Let s be c(3). What is the highest common factor of s and 12?
6
Let b(n) = 4*n**3 + 2*n**2 - n + 1. Let s be b(2). Calculate the highest common factor of 13 and s.
13
Let t be 0 + 5 + (-1 - 0). Suppose 4*x - 5 + 1 = 0. Let f = t - x. What is the highest common factor of f and 21?
3
Let i be (-3)/((-15)/(-650))*(-4)/10. Calculate the greatest common factor of i and 78.
26
Let p(n) = n**3 - 6*n**2 + 4*n + 10. Let g be p(6). What is the highest common factor of 51 and g?
17
Let v(c) = -c**3 - 8*c**2 - 11*c - 15. Let j be v(-7). Let h(k) = k**2 - 7*k - 15. Let t be h(j). Calculate the greatest common factor of t and 9.
9
Let v be (-783)/(-153) - (-4)/(-34). Suppose -v*i = -9*i + 64. What is the highest common factor of i and 2?
2
Let o = -22 + 38. Let y be 22/(-8) - 4/o. Let r be (3 - (y + -34))*1. What is the highest common divisor of r and 5?
5
Suppose 3 + 18 = 3*i - 2*g, 0 = 4*g. What is the highest common factor of i and 1?
1
Let u be 1925/20 + 1/(-4). Let s(t) = -t**3 + 12. Suppose 2 = -5*r + n + 6, 3*r + 3*n + 12 = 0. Let q be s(r). What is the highest common factor of q and u?
12
Suppose -4*a + 6 = -6. Suppose -a*j - 11 = 7. Let u(s) = -12*s + 8. Let y be u(j). What is the highest common factor of 16 and y?
16
Suppose -4*x - 13 = -3*r, -x = -4*r + 24 + 15. Let j = 9 - 2. Let p = 8 - j. Calculate the highest common factor of p and r.
1
Let q(v) = 20*v - 4. Suppose 2 = -s + 5. Let i be q(s). What is the highest common divisor of i and 8?
8
Let x = 197 + -120. Suppose -5*f + 2*a = -39, -5*f + 5*a + 45 = -0*a. Calculate the highest common factor of f and x.
7
Let s = -48 - -57. Suppose 0 = r - 0*r + 3, 5*r = -4*m - 87. Let k be (-2)/9 + (-166)/m. Calculate the greatest common factor of s and k.
9
Suppose 3*x + 0 = 6. Suppose 0 = 5*m + x*z - 52, m + 9 = -5*z + 24. Let j = -2 + 7. What is the greatest common divisor of m and j?
5
Let y(k) = k**3 - 16*k**2 + 6*k + 3. Let h be y(16). What is the highest common factor of 9 and h?
9
Let g(v) = -v**3 + 23*v**2 + 27*v - 56. Let c be g(24). Let y be 9/4 - 2/8. What is the highest common factor of y and c?
2
Let k be (-3)/(-18) + 1354/12. Suppose -l - 14 = -k. Let y be (8*1)/1 - -1. What is the greatest common factor of y and l?
9
Let h(r) be the third derivative of r**5/60 - 7*r**4/24 + r**3/3 + 3*r**2. Let s be h(7). Calculate the highest common factor of s and 10.
2
Let i(x) = x**3 + 9*x**2 + 9. Let k be i(-9). Let d = 5 + k. Suppose 125 = 5*r - 5*y, 